n 35233 is divided by 17607.
19
What is the remainder when 288448 is divided by 148?
144
Calculate the remainder when 6584 is divided by 729.
23
What is the remainder when 8433 is divided by 2625?
558
What is the remainder when 4896 is divided by 38?
32
Calculate the remainder when 740599 is divided by 171.
169
What is the remainder when 38115 is divided by 3175?
15
What is the remainder when 1327 is divided by 79?
63
What is the remainder when 7051 is divided by 1060?
691
Calculate the remainder when 51121 is divided by 2.
1
What is the remainder when 3804 is divided by 542?
10
What is the remainder when 78432 is divided by 14?
4
Calculate the remainder when 1671 is divided by 642.
387
Calculate the remainder when 43462 is divided by 4346.
2
Calculate the remainder when 4448 is divided by 408.
368
What is the remainder when 877 is divided by 133?
79
What is the remainder when 27933 is divided by 87?
6
What is the remainder when 3442 is divided by 225?
67
Calculate the remainder when 868242 is divided by 17719.
11
Calculate the remainder when 3234 is divided by 1037.
123
What is the remainder when 229892 is divided by 88?
36
What is the remainder when 28942 is divided by 11?
1
Calculate the remainder when 171615 is divided by 34.
17
Calculate the remainder when 185480 is divided by 333.
332
What is the remainder when 88358 is divided by 6309?
32
Calculate the remainder when 362108 is divided by 11.
10
What is the remainder when 43054 is divided by 624?
622
Calculate the remainder when 618 is divided by 296.
26
Calculate the remainder when 12189 is divided by 323.
238
What is the remainder when 37758 is divided by 158?
154
Calculate the remainder when 77307 is divided by 201.
123
What is the remainder when 6167 is divided by 1028?
1027
Calculate the remainder when 375484 is divided by 4.
0
Calculate the remainder when 50619 is divided by 25306.
7
Calculate the remainder when 191428 is divided by 39.
16
What is the remainder when 15392 is divided by 1270?
152
What is the remainder when 16683 is divided by 980?
23
Calculate the remainder when 74633 is divided by 24874.
11
Calculate the remainder when 173591 is divided by 82.
79
What is the remainder when 575 is divided by 50?
25
What is the remainder when 974659 is divided by 26?
23
Calculate the remainder when 6745 is divided by 25.
20
What is the remainder when 12264 is divided by 3064?
8
What is the remainder when 85099 is divided by 1394?
65
What is the remainder when 8643 is divided by 26?
11
Calculate the remainder when 7554 is divided by 7524.
30
Calculate the remainder when 231 is divided by 80.
71
What is the remainder when 27411 is divided by 154?
153
What is the remainder when 1707 is divided by 297?
222
What is the remainder when 3077 is divided by 393?
326
Calculate the remainder when 184721 is divided by 22.
9
Calculate the remainder when 9950 is divided by 231.
17
What is the remainder when 11403 is divided by 283?
83
What is the remainder when 59508 is divided by 218?
212
Calculate the remainder when 25688 is divided by 1975.
13
Calculate the remainder when 981 is divided by 164.
161
Calculate the remainder when 10626 is divided by 1234.
754
Calculate the remainder when 806 is divided by 79.
16
Calculate the remainder when 76544 is divided by 135.
134
Calculate the remainder when 109512 is divided by 262.
258
What is the remainder when 3262 is divided by 46?
42
Calculate the remainder when 1003515 is divided by 18.
15
Calculate the remainder when 587878 is divided by 360.
358
What is the remainder when 599 is divided by 1?
0
Calculate the remainder when 14782 is divided by 448.
446
Calculate the remainder when 3084 is divided by 52.
16
What is the remainder when 26719 is divided by 7?
0
What is the remainder when 3713 is divided by 325?
138
Calculate the remainder when 5020 is divided by 394.
292
Calculate the remainder when 205 is divided by 164.
41
Calculate the remainder when 6444 is divided by 488.
100
What is the remainder when 1296558 is divided by 80?
78
Calculate the remainder when 11161228 is divided by 61.
58
Calculate the remainder when 1378 is divided by 455.
13
What is the remainder when 7148 is divided by 73?
67
What is the remainder when 574 is divided by 41?
0
Calculate the remainder when 123926 is divided by 28.
26
What is the remainder when 2158 is divided by 1004?
150
What is the remainder when 24021 is divided by 291?
159
Calculate the remainder when 102764 is divided by 565.
499
Calculate the remainder when 388543 is divided by 15.
13
What is the remainder when 74785 is divided by 348?
313
Calculate the remainder when 950279 is divided by 316758.
5
Calculate the remainder when 889 is divided by 878.
11
Calculate the remainder when 731503 is divided by 4204.
7
What is the remainder when 52908 is divided by 157?
156
Calculate the remainder when 74307 is divided by 563.
554
What is the remainder when 77755 is divided by 1178?
7
Calculate the remainder when 1698 is divided by 404.
82
What is the remainder when 2532 is divided by 1545?
987
Calculate the remainder when 2274 is divided by 4.
2
What is the remainder when 6182766 is divided by 184?
182
Calculate the remainder when 48812 is divided by 6.
2
What is the remainder when 36968 is divided by 262?
26
What is the remainder when 4445 is divided by 95?
75
What is the remainder when 4704 is divided by 4696?
8
What is the remainder when 17636 is divided by 5866?
38
Calculate the remainder when 208 is divided by 77.
54
Calculate the remainder when 109187 is divided by 112.
99
Calculate the remainder when 12743 is divided by 397.
39
What is the remainder when 1040508 is divided by 685?
678
Calculate the remainder when 478733 is divided by 16508.
1
Calculate the remainder when 152925 is divided by 57.
51
Calculate the remainder when 10437 is divided by 386.
15
What is the remainder when 4598 is divided by 254?
26
Calculate the remainder when 14499 is divided by 138.
9
Calculate the remainder when 16218 is divided by 153.
0
Calculate the remainder when 7076 is divided by 25.
1
Calculate the remainder when 25114 is divided by 2511.
4
Calculate the remainder when 63900 is divided by 117.
18
Calculate the remainder when 231438 is divided by 42.
18
What is the remainder when 362506 is divided by 120834?
4
What is the remainder when 306802 is divided by 148?
146
What is the remainder when 1786158 is divided by 271?
268
Calculate the remainder when 12492 is divided by 4155.
27
Calculate the remainder when 115618 is divided by 156.
22
What is the remainder when 1585 is divided by 65?
25
Calculate the remainder when 79820 is divided by 11402.
6
Calculate the remainder when 1395 is divided by 160.
115
Calculate the remainder when 7735 is divided by 858.
13
What is the remainder when 31315 is divided by 14?
11
Calculate the remainder when 315 is divided by 99.
18
Calculate the remainder when 46657 is divided by 46623.
34
What is the remainder when 19358 is divided by 5?
3
What is the remainder when 28639 is divided by 5727?
4
Calculate the remainder when 1593 is divided by 497.
102
What is the remainder when 206 is divided by 67?
5
Calculate the remainder when 49103 is divided by 1261.
1185
What is the remainder when 1737 is divided by 154?
43
Calculate the remainder when 2378 is divided by 1945.
433
Calculate the remainder when 784 is divided by 389.
6
Calculate the remainder when 14625 is divided by 1821.
57
What is the remainder when 8895 is divided by 800?
95
What is the remainder when 3088836 is divided by 8?
4
Calculate the remainder when 26536 is divided by 166.
142
Calculate the remainder when 72108 is divided by 96.
12
Calculate the remainder when 1785167 is divided by 308.
307
Calculate the remainder when 5329 is divided by 521.
119
What is the remainder when 63983 is divided by 3763?
12
What is the remainder when 37039 is divided by 425?
64
What is the remainder when 553634 is divided by 45?
44
Calculate the remainder when 353984 is divided by 9315.
14
Calculate the remainder when 122447 is divided by 34.
13
Calculate the remainder when 566 is divided by 150.
116
What is the remainder when 1340597 is divided by 35?
27
Calculate the remainder when 350838 is divided by 17.
9
What is the remainder when 10187 is divi